y - 68. What is the units digit of y?
4
Suppose 4*c + 5*b - 284 = -0*c, 4*c - 312 = 2*b. Suppose 3*x = x + c. What is the tens digit of x?
3
Suppose -h + 2*h = 4. What is the units digit of (-7 + h)*7/(-3)?
7
Suppose -g = g. Suppose -3*n + 2*u + 63 = -g*u, -2*u + 63 = 3*n. What is the units digit of n?
1
Let z = -1 - -5. Suppose -z*g = -9*g + 55. What is the units digit of g?
1
Suppose t + 0*t = 37. What is the units digit of t?
7
Suppose -2*w + 120 = w. What is the units digit of w?
0
What is the units digit of (164/6)/((-16)/(-6) + -2)?
1
Let i = 83 - -24. What is the units digit of i?
7
Let u(n) = 2*n - 4. Let h be u(4). Suppose x + 3*t - 32 = -3*x, 3*x + h*t - 31 = 0. Suppose -3*i - x*q + 49 = 0, -2*q = 3*q - 25. What is the units digit of i?
8
Suppose -3*d - 4*f + 31 = -0*d, -3*d + f + 26 = 0. Suppose 0 = -2*y + 5*y. Suppose -d = -q - y*q. What is the units digit of q?
9
Suppose 4*q + 3*t - 13 - 5 = 0, -2*t = 4. What is the tens digit of (3/(-2))/(q/(-160))?
4
Let z be (1 - 0) + -4 + 5. Suppose -36 = -4*u + 2*y, -u + 14 = -z*y - y. What is the units digit of u?
8
Let m(s) = 5*s**2 + 4*s + 2. Let a(j) = 6*j**2 + 4*j + 2. Let v(u) = -4*a(u) + 5*m(u). Let x be v(-4). Suppose -x*h - 3*h = -55. What is the tens digit of h?
1
What is the tens digit of (-833)/(-28) - (-3)/12?
3
Suppose 3*g = 2*i + 87, 3*i = -5*g + 3*g + 45. Let s be (-2)/(-4) - (-135)/30. Suppose -s*t + 23 = -g. What is the tens digit of t?
1
Let m be -1 + 6 + -1*1. Suppose 4*x - 23 = y, -m*y + 0*y = x - 10. What is the units digit of x?
6
Let o be 2 + 0 - (-4 - -3). Suppose o*r = -r + 40. What is the tens digit of r?
1
Suppose -k - 1 = -3*m, -2*k - 2 = -5*m - 0. What is the units digit of k + (-12)/(-4) + 38?
0
Let w = 10 - -75. Suppose f - 2*a - 7 = -3*a, w = 5*f - 5*a. What is the units digit of f?
2
Let i = 13 + -7. Suppose -1 + 13 = -6*f. Let w = f + i. What is the units digit of w?
4
Suppose -10 = m - 1. Let d(g) = g**2 + 7*g - 12. Let z be d(m). Suppose 10 = 4*l - z. What is the units digit of l?
4
Let c be 2*(7/2)/1. Let l be (-4)/(-2)*(-18)/(-12). Let t = c - l. What is the units digit of t?
4
Let v = -17 + 21. What is the units digit of ((-6)/v)/(1/(-10))?
5
Let q = -1 - -6. Suppose 63 = -q*m + 3. Let z = m - -18. What is the units digit of z?
6
Suppose -2*u - 2*j + 18 = 0, 2*j + 36 = -0*u + 4*u. Let x = 2 + u. What is the units digit of x?
1
Suppose 4*a = 7*a + 5*h - 16, 2*h - 2 = a. What is the units digit of a?
2
Suppose 4 = 5*p + 4*s - 29, 2*s = -5*p + 29. Let t(m) = m**2 - 5*m - 3. Let h be t(p). What is the units digit of 3/(h/1)*-16?
6
Let y = -216 + 581. What is the tens digit of y?
6
Suppose -r = 4*r. Suppose 4*y - 16 = -r*y, -5*y = 4*f - 36. What is the units digit of f?
4
Suppose 0 = -k - 0*k + 3*l - 12, -5*k = -2*l - 5. Suppose 46 = 5*b - k*b. What is the tens digit of b?
2
Let v = 21 - 3. What is the tens digit of v?
1
Suppose 2*q - 26 - 4 = 0. Suppose j - q = -4*j + 2*v, -5*v + 6 = 2*j. Let m = j + 1. What is the units digit of m?
4
Let d(n) = 24*n + 1. What is the tens digit of d(7)?
6
Let a(p) = -1. Let v(q) = q**2 - q + 3. Let f(i) = 3*a(i) + v(i). What is the units digit of f(2)?
2
Let o = 3 + -1. Suppose k + o - 9 = 0. What is the units digit of k?
7
Let q(s) = -9*s - 3. What is the units digit of q(-6)?
1
Suppose 2*b - 25 = -5*m, -3*m - 3 = -2*m. What is the units digit of b?
0
Suppose 5*i = 2*c + 28, 2*i + 5*c = 4*i - 7. Suppose 5*g = 5*d + 80, 2*d - 45 = g - i*g. What is the tens digit of g?
1
Let n be (2 + -1)/((-2)/6). Let o = -2 - n. What is the units digit of (-20)/(-4) + o + 0?
6
Let m be (-54)/(-30) + (-2)/(-10). What is the units digit of ((0 + 6)/m)/3?
1
Let h(s) = s**3 + 8*s**2 - 12*s - 13. Let d be h(-9). Let z = 5 - d. What is the tens digit of z*4/(-3) - -1?
1
Let f be 2 + 1 - 4/(-2). Suppose f*s - 24 = -4. Suppose -21 = -3*c + s*v + 8, c = -5*v - 22. What is the units digit of c?
3
What is the hundreds digit of 8/(-20) - (-8)/(-5) - -344?
3
Let l = 19 - 18. Let o(t) = 0*t**2 + 4*t**2 - 3*t**2. What is the units digit of o(l)?
1
Let m = -109 - -171. What is the units digit of m?
2
Suppose -10 = -2*y, 2*v + 0*y = 2*y + 70. What is the units digit of v?
0
Let b(p) = -p**3 + 11*p**2 - p + 14. Let q be b(11). What is the units digit of 3 + -5*(0 - q)?
8
Suppose 5 = -3*l - 7. What is the units digit of 1 + l - 46/(-2)?
0
Suppose -3*v + 295 = 5*o, -2*v + 2*o + 120 = -66. What is the tens digit of v?
9
Let x(j) = 9*j**2 - 2*j + 1. Let z be x(1). Let o(h) = -h**3 + 7*h**2 + 8*h + 2. What is the units digit of o(z)?
2
Suppose -9 + 29 = -4*b. Let y(j) = j**2 + 4*j - 3. Let l be y(b). Suppose -l*c - 4*o = -8, 3*c = -c + o + 16. What is the units digit of c?
4
Let r(h) = h**3 - 9*h**2 + 4*h + 1. What is the tens digit of r(10)?
4
Let j = 90 - 36. What is the units digit of j?
4
Let d(s) = -4*s - 19. What is the units digit of d(-16)?
5
Let u be (-639)/(-7) + (-6)/21. Suppose 2*n = -2*l + 3*n + 35, 4*l - u = -5*n. What is the units digit of l?
9
Suppose -3*s = -3*r + 36, 3*s + 1 = 5*r - 45. Let x = 9 + s. What is the units digit of x?
2
What is the tens digit of (-92)/(-115)*390/1?
1
Suppose 0 = -3*h + 6*h - 42. What is the units digit of h/7*(0 + 5)?
0
Suppose 4*t - 3*n = -54 + 8, t = -2*n - 6. Let g = t + 29. What is the units digit of g?
9
Suppose -3 = 3*a + 3. Let o be -2 + 5 + -3 + -3. What is the units digit of a/(-3) + (-16)/o?
6
Suppose 5*m - 76 = -11. Let o = m - 0. What is the tens digit of o?
1
Let q = 3 - 18. Let p be 36/q + 6/(-10). What is the units digit of ((-9)/3)/p + 0?
1
Suppose -3*n + m + 103 = 0, -13 = -n + m + 18. Suppose 5*p - 3*p = n. What is the units digit of ((-4)/4)/((-2)/p)?
9
Let y be 20/(-2*2/(-4)). Let u = -3 - -3. Suppose -n = -u*n - y. What is the tens digit of n?
2
Suppose -5*x + 4*p + 73 = 0, -5*x + 97 = 5*p - p. Let y = x - 9. What is the tens digit of 4/2*44/y?
1
Let k = -15 + 27. What is the units digit of k?
2
Suppose 3*x - 5 = -q + 8, 4*q + 3*x = 16. Let l = -4 - -3. What is the units digit of (-15*1)/l*q?
5
Let y(w) = -w - 5. Let t be y(-5). Let h be t/(-1 - (-6)/3). Let l = h - -6. What is the units digit of l?
6
Let h(p) = -p - 3. Let y be h(-9). Let d = y - 4. What is the units digit of d?
2
Suppose 3*i = 36 + 6. Suppose 3*o = -j - 0*j + 5, 5*o - 4*j - i = 0. What is the units digit of o?
2
Suppose 4*k + 0*j + 48 = 3*j, -4*k + j = 56. Let o = -10 - k. What is the units digit of o?
5
Let j = 214 - -39. What is the units digit of j?
3
Let g(p) = p**3 + 6*p**2 + 4*p - 5. Let s be g(-5). Suppose 0 = -l - s*l + 4. Suppose -30 = -3*h - 2*b, -2*b = l*h + h - 46. What is the units digit of h?
8
Let j(u) = -2*u - u**2 + 0*u + 5*u**2 + 1. Let z be j(1). Suppose 0 = 5*y - z - 27. What is the units digit of y?
6
Let y be (-3)/((5 + -2)/3). Let l = y + 3. What is the units digit of l - (-5)/(15/42)?
4
Let z(l) = -4*l + 1. Let q = 4 - 3. Let h be 3/6*(-2)/q. What is the units digit of z(h)?
5
Suppose -b - 2*h + 8 = -23, -5*b + 3*h = -207. What is the units digit of b?
9
Let d = -53 - -109. Let r = -24 - d. What is the units digit of (-12)/(-5)*r/(-12)?
6
Let y(d) = -7*d**3 - 11*d + 1. Let x(l) = l**3 - l**2 + l. Let c(i) = -6*x(i) - y(i). What is the units digit of c(-4)?
1
Let z(y) = -y + 7. Suppose -r = -9 + 4. Let j(t) = -4. Let q(x) = r*j(x) + 3*z(x). What is the units digit of q(-2)?
7
Let x(d) = -54*d + 11. What is the tens digit of x(-5)?
8
What is the tens digit of 30 - -5*(-5)/25?
2
Suppose 2*d - 3 = 7. Let c(o) = o**3 - 4*o**2 + 5*o - 4*o + 13 - o**2 - 6. What is the units digit of c(d)?
2
Let x = 202 - 139. What is the tens digit of x?
6
Suppose 2*a - 80 = -34. What is the tens digit of a?
2
Let z(t) = t**3 - 4*t**2 - 4*t + 1 - 7 + 3. Let p be z(5). Suppose -3*y - 5*q + p = 0, -5 = 4*y + q - 19. What is the units digit of y?
4
Suppose -3*g = -2*o + 628, 3*o - 160 = -5*g + 744. What is the hundreds digit of o?
3
Let u = -7 - -12. Suppose 0*o - u*a - 6 = 3*o, 0 = -4*o - 2*a + 6. What is the units digit of o?
3
Let l(b) = 2 - 5*b + 10*b**2 - 2*b**2 - 7 - b**3. Suppose 4*p + 0*w - 36 = 4*w, -5*w = 10. What is the units digit of l(p)?
9
Let z(i) = i - 3. Let o be z(3). Suppose -2*w - w + 3 = o. What is the units digit of 342/24 - w/4?
4
Suppose 0 = -3*o + o - 3*b + 117, 2*o + 2*b = 114. What is the units di